

{"version":"1.0","provider_name":"QuestionPro","provider_url":"https:\/\/www.questionpro.com\/blog\/fr\/","author_name":"Adi Bhat","author_url":"https:\/\/www.questionpro.com\/blog\/fr\/author\/adityabhat\/","title":"Droits GDPR | Droits GDPR de la personne concern\u00e9e | QuestionPro.","type":"rich","width":600,"height":338,"html":"<blockquote class=\"wp-embedded-content\" data-secret=\"1zI2MF5Syo\"><a href=\"https:\/\/www.questionpro.com\/blog\/fr\/droits-de-la-gdpr\/\">Les droits du GDPR : Ce que tout responsable du traitement des donn\u00e9es et toute personne concern\u00e9e doivent savoir<\/a><\/blockquote><iframe sandbox=\"allow-scripts\" security=\"restricted\" src=\"https:\/\/www.questionpro.com\/blog\/fr\/droits-de-la-gdpr\/embed\/#?secret=1zI2MF5Syo\" width=\"600\" height=\"338\" title=\"\u00ab\u00a0Les droits du GDPR : Ce que tout responsable du traitement des donn\u00e9es et toute personne concern\u00e9e doivent savoir\u00a0\u00bb &#8212; QuestionPro\" data-secret=\"1zI2MF5Syo\" frameborder=\"0\" marginwidth=\"0\" marginheight=\"0\" scrolling=\"no\" class=\"wp-embedded-content\"><\/iframe><script>\n\/*! This file is auto-generated *\/\n!function(d,l){\"use strict\";l.querySelector&&d.addEventListener&&\"undefined\"!=typeof URL&&(d.wp=d.wp||{},d.wp.receiveEmbedMessage||(d.wp.receiveEmbedMessage=function(e){var t=e.data;if((t||t.secret||t.message||t.value)&&!\/[^a-zA-Z0-9]\/.test(t.secret)){for(var s,r,n,a=l.querySelectorAll('iframe[data-secret=\"'+t.secret+'\"]'),o=l.querySelectorAll('blockquote[data-secret=\"'+t.secret+'\"]'),c=new RegExp(\"^https?:$\",\"i\"),i=0;i<o.length;i++)o[i].style.display=\"none\";for(i=0;i<a.length;i++)s=a[i],e.source===s.contentWindow&&(s.removeAttribute(\"style\"),\"height\"===t.message?(1e3<(r=parseInt(t.value,10))?r=1e3:~~r<200&&(r=200),s.height=r):\"link\"===t.message&&(r=new URL(s.getAttribute(\"src\")),n=new URL(t.value),c.test(n.protocol))&&n.host===r.host&&l.activeElement===s&&(d.top.location.href=t.value))}},d.addEventListener(\"message\",d.wp.receiveEmbedMessage,!1),l.addEventListener(\"DOMContentLoaded\",function(){for(var e,t,s=l.querySelectorAll(\"iframe.wp-embedded-content\"),r=0;r<s.length;r++)(t=(e=s[r]).getAttribute(\"data-secret\"))||(t=Math.random().toString(36).substring(2,12),e.src+=\"#?secret=\"+t,e.setAttribute(\"data-secret\",t)),e.contentWindow.postMessage({message:\"ready\",secret:t},\"*\")},!1)))}(window,document);\n<\/script>\n","thumbnail_url":"https:\/\/www.questionpro.com\/blog\/wp-content\/uploads\/2019\/08\/blog-15.jpg","thumbnail_width":992,"thumbnail_height":594,"description":"Explorer les droits d'une personne concern\u00e9e par le GDPR et le r\u00f4le du responsable du traitement des donn\u00e9es. Examinez l'impact de ces droits du GDPR sur votre conformit\u00e9 au GDPR et sur la collecte de donn\u00e9es."}

Droits GDPR | Droits GDPR de la personne concernée | QuestionPro.

<blockquote class="wp-embedded-content" data-secret="1zI2MF5Syo"><a href="https://www.questionpro.com/blog/fr/droits-de-la-gdpr/">Les droits du GDPR : Ce que tout responsable du traitement des données et toute personne concernée doivent savoir</a></blockquote><iframe sandbox="allow-scripts" security="restricted" src="https://www.questionpro.com/blog/fr/droits-de-la-gdpr/embed/#?secret=1zI2MF5Syo" width="600" height="338" title="« Les droits du GDPR : Ce que tout responsable du traitement des données et toute personne concernée doivent savoir » &#8212; QuestionPro" data-secret="1zI2MF5Syo" frameborder="0" marginwidth="0" marginheight="0" scrolling="no" class="wp-embedded-content"></iframe><script>
/*! This file is auto-generated */
!function(d,l){"use strict";l.querySelector&&d.addEventListener&&"undefined"!=typeof URL&&(d.wp=d.wp||{},d.wp.receiveEmbedMessage||(d.wp.receiveEmbedMessage=function(e){var t=e.data;if((t||t.secret||t.message||t.value)&&!/[^a-zA-Z0-9]/.test(t.secret)){for(var s,r,n,a=l.querySelectorAll('iframe[data-secret="'+t.secret+'"]'),o=l.querySelectorAll('blockquote[data-secret="'+t.secret+'"]'),c=new RegExp("^https?:$","i"),i=0;i<o.length;i++)o[i].style.display="none";for(i=0;i<a.length;i++)s=a[i],e.source===s.contentWindow&&(s.removeAttribute("style"),"height"===t.message?(1e3<(r=parseInt(t.value,10))?r=1e3:~~r<200&&(r=200),s.height=r):"link"===t.message&&(r=new URL(s.getAttribute("src")),n=new URL(t.value),c.test(n.protocol))&&n.host===r.host&&l.activeElement===s&&(d.top.location.href=t.value))}},d.addEventListener("message",d.wp.receiveEmbedMessage,!1),l.addEventListener("DOMContentLoaded",function(){for(var e,t,s=l.querySelectorAll("iframe.wp-embedded-content"),r=0;r<s.length;r++)(t=(e=s[r]).getAttribute("data-secret"))||(t=Math.random().toString(36).substring(2,12),e.src+="#?secret="+t,e.setAttribute("data-secret",t)),e.contentWindow.postMessage({message:"ready",secret:t},"*")},!1)))}(window,document);
</script>

Explorer les droits d'une personne concernée par le GDPR et le rôle du responsable du traitement des données. Examinez l'impact de ces droits du GDPR sur votre conformité au GDPR et sur la collecte de données.
